at is 23 (base 9) in base 4?
111
Convert 4 (base 10) to base 4.
10
What is 10 (base 7) in base 8?
7
Convert 62 (base 8) to base 15.
35
-3 (base 5) to base 12
-3
Convert -2 (base 9) to base 7.
-2
Convert b (base 13) to base 12.
b
What is -3 (base 10) in base 5?
-3
What is 0 (base 2) in base 8?
0
What is 14 (base 6) in base 14?
a
What is 10 (base 3) in base 12?
3
Convert -3 (base 14) to base 8.
-3
Convert -1101 (base 2) to base 13.
-10
What is -204 (base 6) in base 4?
-1030
What is 4 (base 16) in base 11?
4
What is 0 (base 13) in base 14?
0
What is 83 (base 12) in base 8?
143
-30 (base 6) to base 4
-102
Convert -2 (base 9) to base 7.
-2
-103 (base 5) to base 6
-44
10 (base 6) to base 8
6
-20 (base 6) to base 11
-11
Convert 221 (base 4) to base 11.
38
5 (base 14) to base 15
5
Convert -3 (base 6) to base 5.
-3
0 (base 7) to base 3
0
Convert 55 (base 6) to base 14.
27
-1 (base 12) to base 15
-1
Convert 253 (base 6) to base 10.
105
4 (base 9) to base 10
4
Convert 166 (base 9) to base 3.
12020
Convert 2 (base 4) to base 5.
2
1221 (base 3) to base 8
64
74 (base 11) to base 8
121
0 (base 8) to base 15
0
-110 (base 2) to base 16
-6
What is 14 (base 11) in base 16?
f
Convert 5 (base 12) to base 4.
11
Convert 11 (base 4) to base 5.
10
Convert 31 (base 7) to base 15.
17
d2 (base 15) to base 7
401
Convert -27 (base 16) to base 6.
-103
1100 (base 4) to base 8
120
1 (base 9) to base 11
1
32 (base 8) to base 9
28
-13 (base 12) to base 7
-21
Convert 15 (base 11) to base 2.
10000
What is -232 (base 8) in base 5?
-1104
17 (base 9) to base 12
14
Convert 12 (base 3) to base 4.
11
What is -191 (base 11) in base 6?
-1005
Convert -10 (base 4) to base 13.
-4
2 (base 5) to base 13
2
-31 (base 9) to base 5
-103
What is -114 (base 16) in base 7?
-543
Convert -6 (base 10) to base 5.
-11
2 (base 3) to base 11
2
What is -100222 (base 3) in base 7?
-533
-192 (base 15) to base 3
-111102
What is -3 (base 16) in base 11?
-3
What is 2 (base 15) in base 8?
2
What is 1011 (base 4) in base 7?
126
What is 1221 (base 3) in base 12?
44
-2 (base 10) to base 13
-2
What is 114 (base 5) in base 2?
100010
89 (base 13) to base 16
71
What is 4 (base 9) in base 6?
4
22 (base 7) to base 9
17
234 (base 5) to base 13
54
What is 334 (base 6) in base 4?
2002
Convert -6 (base 9) to base 14.
-6
1020 (base 3) to base 12
29
-2 (base 14) to base 15
-2
Convert -20 (base 6) to base 12.
-10
Convert 1 (base 3) to base 10.
1
111 (base 2) to base 6
11
Convert -44 (base 9) to base 15.
-2a
-4 (base 5) to base 3
-11
What is 4 (base 8) in base 12?
4
What is -13 (base 11) in base 4?
-32
346 (base 7) to base 2
10110101
-2 (base 16) to base 3
-2
What is -8 (base 13) in base 4?
-20
What is -8 (base 12) in base 15?
-8
Convert -11 (base 3) to base 16.
-4
4 (base 6) to base 9
4
-3 (base 6) to base 11
-3
What is 1 (base 3) in base 15?
1
Convert -141 (base 5) to base 3.
-1201
-22 (base 5) to base 6
-20
What is 301 (base 4) in base 3?
1211
What is 0 (base 9) in base 12?
0
What is 21211 (base 3) in base 12?
157
What is 6 (base 16) in base 9?
6
Convert -65 (base 9) to base 7.
-113
51 (base 8) to base 2
101001
What is -5 (base 13) in base 9?
-5
Convert -f (base 16) to base 8.
-17
Convert -43 (base 10) to base 4.
-223
Convert -3 (base 14) to base 10.
-3
11 (base 2) to base 14
3
Convert -3 (base 8) to base 4.
-3
Convert 1 (base 2) to base 7.
1
4 (base 12) to base 5
4
-12 (base 12) to base 16
-e
Convert -17 (base 9) to base 13.
-13
What is 4 (base 6) in base 15?
4
Convert -3 (base 10) to base 8.
-3
Convert -22 (base 10) to base 15.
-17
Convert -2 (base 14) to base 16.
-2
What is -3e (base 16) in base 6?
-142
Convert -3 (base 8) to base 14.
-3
What is -1 (base 7) in base 12?
-1
42 (base 12) to base 4
302
0 (base 10) to base 13
0
Convert 9a (base 14) to base 10.
136
-1 (base 3) to base 13
-1
25 (base 13) to base 6
51
Convert 35 (base 13) to base 3.
1122
-11 (base 3) to base 10
-4
21 (base 5) to base 3
102
Convert d (base 14) to base 15.
d
4 (base 12) to base 13
4
Convert -150 (base 6) to base 7.
-123
7 (base 12) to base 9
7
-3 (base 10) to base 12
-3
What is 1a (base 12) in base 2?
10110
What is 15 (base 7) in base 2?
1100
Convert 100101 (base 2) to base 16.
25
-100101 (base 2) to base 9
-41
-55 (base 11) to base 9
-66
What is -100 (base 6) in base 14?
-28
Convert 1 (base 14) to base 7.
1
What is -14 (base 5) in base 9?
-10
What is -5 (base 10) in base 9?
-5
Convert 1000 (base 3) to base 10.
27
What is -1 (base 14) in base 12?
-1
What is -4 (base 15) in base 7?
-4
Convert 33 (base 9) to base 2.
11110
-3 (base 12) to base 4
-3
What is -32 (base 10) in base 5?
-112
What is 1 (base 3) in base 14?
1
Convert 3 (base 4) to base 2.
11
What is 372 (base 8) in base 4?
3322
Convert 5 (base 10) to base 6.
5
What is c (base 16) in base 10?
12
Convert 3 (base 5) to base 7.
3
What is -11 (base 11) in base 8?
-14
-4 (base 15) to base 13
-4
Convert 10 (base 3) to base 16.
3
2 (base 13) to base 14
2
-14 (base 12) to base 8
-20
Convert -8c (base 16) to base 2.
-10001100
What is 3 (base 9) in base 5?
3
What is -41 (base 5) in base 4?
-111
-2 (base 8) to base 16
-2
Convert -2212 (base 3) to base 13.
-5c
-450 (base 7) to base 9
-276
-2 (base 11) to base 6
-2
What is 210 (base 3) in base 12?
19
What is -4a (base 15) in base 8?
-106
What is -445 (base 7) in base 2?
-11100101
What is 36 (base 8) in base 13?
24
What is 1 (base 11) in base 10?
1
What is 36 (base 14) in base 3?
1210
Convert -55 (base 8) to base 14.
-33
Convert 220 (base 3) to base 15.
19
-201 (base 4) to base 12
-29
-1120 (base 3) to base 13
-33
-1 (base 12) to base 8
-1
Convert -5 (base 16) to base 5.
-10
2 (base 5) to base 11
2
What is 6 (base 12) in base 10?
6
-240 (base 5) to base 15
-4a
3 (base 14) to base 10
3
Convert 20 (base 4) to base 11.
8
Convert 2 (base 14) to base 16.
2
55 (base 11) to base 9
66
What is -5 (base 12) in base 2?
-101
What is 0 (base 10) in base 8?
0
Convert -11 (base 4) to base 5.
-10
-2 (base 12) to base 8
-2
-7 (base 16) to base 13
-7
Convert -25 (base 9) to base 15.
-18
What is 1 (base 2) in base 5?
1
-116 (base 7) to base 5
-222
What is -21 (base 6) in base 2?
-1101
263 (base 7) to base 16
8f
-110 (base 8) to base 11
-66
What is -15 (base 14) in base 8?
-23
-2 (base 4) to base 6
-2
What is -14 (base 8) in base 6?
-20
Convert -122 (base 9) to base 13.
-7a
What is -1 (base 8) in base 14?
-1
Convert -a6 (base 15) to base 7.
-312
-512 (base 6) to base 5
-1223
Convert 5 (base 7) to base 11.
5
Convert -111 (base 4) to base 13.
-18
-5d (base 14) to base 11
-76
-b (base 12) to base 6
-15
-113 (base 4) to base 5
-43
What is 4a (base 13) in base 14?
46
Convert -211 (base 12) to base 14.
-177
What is -6 (base 14) in base 8?
-6
-f (base 16) to base 3
-120
Convert -45 (base 9) to base 11.
-38
What is 12 (base 11) in base 9?
14
What is -25 (base 6) in base 13?
-14
Convert -119 (base 15) to base 5.
-1444
-13 (base 5) to base 4
-20
Convert -311 (base 9) to base 6.
-1101
Convert -170 (base 8) to base 12.
-a0
Convert 112 (base 3) to base 11.
13
-154 (base 12) to base 2
-11010000
-11100110 (base 2) to base 12
-172
-60 (base 11) to base 2
-1000010
What is -44 (base 6) in base 11?
-26
1 (base 13) to base 7
1
-15 (base 6) to base 12
-b
Convert -2 (base 15) to base 2.
-10
-120 (base 5) to base 11
-32
What is 6 (base 9) in base 12?
6
What is -b (base 16) in base 15?
-b
-1111 (base 2) to base 16
-f
What is 4 (base 9) in base 12?
4
What is -126 (base 12) in base 5?
-1144
11 (base 5) to base 16
6
What is b6 (base 16) in base 7?
350
12 (base 3) to base 15
5
Convert -12 (base 8) to base 4.
-22
Convert -1 (base 8) to base 12.
-1
-3 (base 16) to base 8
-3
-1 (base 13) to base 14
-1
Convert 11 (base 6) to base 14.
7
cd (base 15) to base 13
11b
-2b (base 13) to base 8
-45
What is 9 (base 14) in base 11?
9
What is -107 (base 9) in base 8?
-130
Convert -8 (base 15) to base 11.
-8
What is -3d (base 14) in base 2?
-110111
Convert 0 (base 12) to base 15.
0
What is 4a (base 11) in base 13?
42
-10 (base 7) to base 14
-7
Convert 3 (base 12) to base 8.
3
What is 60 (base 16) in base 13?
75
Convert 27 (base 9) to base 5.
100
72 (base 11) to base 3
2221
Convert 101 (base 3) to base 15.
a
Convert 4 (base 16) to base 3.
11
What is -1 (base 10) in base 11?
-1
Convert 75 (base 11) to base 5.
312
a (ba